*3 - 2*w**2 + 6*w - 6. Let p be v(4). Suppose -x = -p + 33. List the prime factors of x.
17
Let i be (-7)/(5/3 - 2). Let k = -15 + i. List the prime factors of 91/2 + (-3)/k.
3, 5
Let l(v) = 2*v**3 + 2*v. Let n be l(2). Suppose n*k = 21*k + 4. What are the prime factors of 3 - 0 - (k + 2)?
5
Suppose -w - 4*l = -144, 3*l = 2*w + 7*l - 304. List the prime factors of w.
2, 5
Suppose -3*b + 2 = 2*j, 5*j + 9 + 1 = 0. Suppose 0 = b*n - 52 - 20. Suppose n = 5*m - m. List the prime factors of m.
3
Let f be 37/(-7) + (-2)/(-7). Let s(o) be the third derivative of o**6/120 + o**5/12 - 7*o**4/24 - 7*o**3/6 + 2*o**2 - 48. What are the prime factors of s(f)?
2, 7
Suppose 5*r + 25 + 42 = 2*k, -3*r - 34 = -k. Let b = 49 + k. List the prime factors of b.
2, 5
Let j = 7 - 1. Let u = j + -5. Let m = u + 22. What are the prime factors of m?
23
Let n be (3/4 - 21/12) + 21. What are the prime factors of (-16)/(-40) + 1046*2/n?
3, 5, 7
Let j = -38 + 41. Let a = 17 + -17. Suppose p - 4 - j = a. List the prime factors of p.
7
Suppose 5*g = -0*g. Suppose 0 = n - 3 - g, -4*n + 24 = c. List the prime factors of c.
2, 3
What are the prime factors of 12 + -3 - -321 - 1?
7, 47
Let p(w) be the first derivative of -1/4*w**4 - 13/2*w**2 + 5*w**3 + 16*w - 7. What are the prime factors of p(14)?
2, 3, 5
Suppose -4*a + 46 = -5*f, -f + 2*a - 5 = -3*a. List the prime factors of 141*(f/6)/(-5).
47
Let y(n) = 13*n**2 - 2*n + 1. Suppose 0 = u - x - 2, -3*u + 9*x - 4*x = -14. List the prime factors of y(u).
3, 19
Let n = 12 + -7. Suppose -2*u + 2*g + 24 = -u, -84 = -n*u - 2*g. Suppose 6 + u = 3*w. What are the prime factors of w?
2
Suppose 7*b - 4*b = 81. Suppose -36 = -2*t - 0*t. Let v = b - t. What are the prime factors of v?
3
Suppose -21 = -k - 4*o, -3*k = -5*o - 149 + 18. Let j = k + -30. Suppose -j = 3*a - 19. List the prime factors of a.
2
Let t(c) = 5*c - 150. List the prime factors of t(45).
3, 5
Suppose 5*o + 3*h = -36, -5*o - 8*h = -4*h + 33. Let f be (2 + 0)*o/(-6). Suppose 10 + 98 = f*z. List the prime factors of z.
2, 3
Let l be (-9)/(-2)*(3 - 1). Let c(j) = -j. Let i(q) = -q**2 + 8*q - 11. Let n(m) = -4*c(m) + i(m). What are the prime factors of n(l)?
2
Suppose -141 + 11 = 5*c. Let g = c - -12. What are the prime factors of 4/g - 405/(-21)?
19
Suppose -i = -r + 1882, -4*i + 5 = 1. List the prime factors of r.
7, 269
Let z(g) = -2*g - 2. Let v be z(8). Let r be 1/(1 - 76/78). Let j = r + v. List the prime factors of j.
3, 7
Suppose 39*d - 92187 = -3462. List the prime factors of d.
5, 7, 13
Suppose 28 = -3*g + 7*g. Suppose -g*t + t = -450. List the prime factors of t.
3, 5
Let i(x) = x**2 + x + 7 - 11 + 8. What are the prime factors of i(-4)?
2
Let l(c) = -c**2 + 6*c - 8. Let j be l(7). List the prime factors of j/(-35) + (-750)/(-14).
2, 3
Let l be (-27)/45 + (-43634)/10. What are the prime factors of 4/26 + (l/(-26))/1?
2, 3, 7
What are the prime factors of 296*(-6)/30*-10?
2, 37
Suppose -i = 2*i + 18. Suppose 5*n = -2*c + 158, -2*n + 50 + 18 = -4*c. Let o = n + i. List the prime factors of o.
2, 13
Suppose 27*l + 15 = 30*l. List the prime factors of 302/l + -2 + 4/(-10).
2, 29
Suppose -54 = 5*b - 14. What are the prime factors of (80/b)/((-2)/22)?
2, 5, 11
Suppose 2*r + 6 = 8. What are the prime factors of 78/6*(r - -2)?
3, 13
Let a = -86 - -89. Suppose 0 = -g - 3*y + 335, 11*g + a*y = 8*g + 999. What are the prime factors of g?
2, 83
Let f(m) = -128*m + 226. What are the prime factors of f(-22)?
2, 3, 13
Suppose -97 = -3*c - 4. Let n = 19 - c. Let u = n + 20. List the prime factors of u.
2
Let r(u) = u**2 - 6*u - 4. Let w be r(7). Suppose v - 49 = -4*v - w*t, -2*v - 2*t = -22. What are the prime factors of (58/(-8))/((-2)/v)?
29
Let x(v) = v**2 + 8*v + 4. Let y be x(-8). Suppose a = -y*a + 165. What are the prime factors of a?
3, 11
Let u(m) = m**2 - 16*m - 51. Let c(y) = 3*y**2 + 38*y + 9. Let x be c(-13). List the prime factors of u(x).
3
List the prime factors of (-4)/(-14) - ((-27640)/35)/8.
3, 11
Let i be ((-3)/1)/((-18)/4)*3. List the prime factors of i/11 + (-4 - 4449/(-33)).
131
Let x = 491 + -109. What are the prime factors of x?
2, 191
Let z(b) = b**3 + 3*b**2 - 18*b - 9. What are the prime factors of z(7)?
5, 71
Let h be (-2004)/(-14) - 1/7. Let l = h + -7. What are the prime factors of l?
2, 17
Let o = 2 - -2. Let r(b) = -2 + 2*b**3 - 3*b**3 + 3*b**2 - o*b - 5*b**2. List the prime factors of r(-3).
19
Let q = -714 + -291. List the prime factors of 12/8 - q/6.
13
List the prime factors of (1 - 5)*7/4*-1.
7
Let w(u) be the first derivative of -3*u - 2/3*u**3 + 1 + 2*u**2 - 1/4*u**4. What are the prime factors of w(-4)?
13
Suppose y + 2*h + 2 = 6*h, 5*y + 4*h + 10 = 0. Let p be y/(-2) - 33/(-11). Suppose 121 = p*s - 11. What are the prime factors of s?
3, 11
Let l be 12/15*(35/(-10) + -4). Let s be 88/6 - 4/(-12). Let p = s + l. What are the prime factors of p?
3
Let b(k) = -k**3 + k**2 + 3*k + 1066. What are the prime factors of b(0)?
2, 13, 41
Let q(a) = 6*a**2 + 3*a + 3. Let y be q(2). Suppose -30*u - 195 = -y*u. What are the prime factors of u?
5, 13
Let c(i) = 308*i**2 - i. Let n(v) = -4*v + 19. Let k be n(5). List the prime factors of c(k).
3, 103
Let u = 60 - 120. Let c = 127 + u. List the prime factors of c.
67
Let n(a) = -20 + 7*a - 3*a + 5*a. What are the prime factors of n(7)?
43
Let h(y) = -y**3 - 2*y**2 + 35*y + 8. List the prime factors of h(-9).
2, 5, 13
Let y(j) = 5 + 13*j - j**2 - 4 + 1. Let k be y(13). Suppose k*q = -1 + 21. What are the prime factors of q?
2, 5
Suppose -2*v + 4 = -10. Let l = -19 + v. Let s(h) = h**3 + 11*h**2 - 15*h + 4. List the prime factors of s(l).
2, 5
What are the prime factors of (-4 - -12 - 110)*(0 + -4)?
2, 3, 17
Suppose 0*d + 18 = -3*d. Suppose -5*v + 25 = -10. What are the prime factors of d/v*(-89 - -5)?
2, 3
Let f = 61 - -365. List the prime factors of f.
2, 3, 71
List the prime factors of (448 - (14 - 15)) + -1 + 5.
3, 151
What are the prime factors of 2 + 839 - (-61 + 56)?
2, 3, 47
Let g = -12 - -7. List the prime factors of (g/(-10))/(3/300).
2, 5
Let z = 1 + 2. Let m = z - -23. Suppose 0 = -2*f - 2*p + 30, -m - 51 = -3*f + 5*p. List the prime factors of f.
19
Let o(y) = 164*y**2 - y. List the prime factors of o(2).
2, 3, 109
Let d = 7 - 15. Let w = -6 - d. What are the prime factors of (w + -12)/(-1 + 0)?
2, 5
Let f(r) = 2*r**3 - 4*r**2 + 19*r - 30. List the prime factors of f(14).
2, 5, 13, 19
Suppose -11*l = -4*j - 14*l + 1424, 4*l = -2*j + 712. What are the prime factors of j?
2, 89
Let n = 76 + -51. Suppose -5*a = -3*a + 16. Let x = n - a. List the prime factors of x.
3, 11
Let a(f) = 2*f**3 - 13*f**2 - 102*f - 36. What are the prime factors of a(16)?
2, 17, 47
Let b = 71 + -63. Suppose b*r - 108 = 5*r. What are the prime factors of r?
2, 3
Suppose 4*h - 24 = -m, 2*h = -2*h + m + 24. Let p = 2 - 13. Let k = h - p. What are the prime factors of k?
17
Suppose -4*t - 2*y + 21 = -y, -4*y + 20 = 0. Suppose -4*m - t*w + 12 = -m, 2*w + 8 = 2*m. What are the prime factors of m?
2
Let v(g) = 54*g + 49. List the prime factors of v(4).
5, 53
Let x = -566 - -856. Suppose 8*d - x = 1470. What are the prime factors of d?
2, 5, 11
Suppose -9*b + 838 = -5*b + 2*d, 0 = 5*b + 2*d - 1047. What are the prime factors of b?
11, 19
List the prime factors of (230867/105)/13 - (-6)/(-45).
13
Suppose 2*j = -2*d + 375 + 5989, -3*d = -2*j - 9561. What are the prime factors of d?
5, 7, 13
Let s(t) be the second derivative of -1/3*t**4 - 2*t - 5/3*t**3 - 1/20*t**5 + 0 - 3*t**2. What are the prime factors of s(-4)?
2, 17
List the prime factors of (143/(-39) + 1)*-510.
2, 5, 17
Let h = 1193 + -255. List the prime factors of h.
2, 7, 67
Let d = -8 + 10. Suppose -j + 206 = 3*v, -5*v + 406 = -d*j + 81. List the prime factors of v.
67
Let y(l) = 3*l**2 + 2. Let i(d) = d + 1. Let s(c) = 4*i(c) + y(c). What are the prime factors of s(3)?
3, 5
Suppose 3*i + 593 = 5*l, -4*l + 16*i - 15*i = -473. List the prime factors of l.
2, 59
Let j = -62 + 90. Suppose -19*h + j = -18*h. List the prime factors of h.
2, 7
Let s(c) = -3*c + 16. Let x(h) = 15*h - 80. Let j(d) = -11*s(d) - 2*x(d). Let m be j(7). Suppose 0 = m*r - 4*r - 20. List the prime factors of r.
2, 5
Let c = 15 + -15. Suppose -5*j + 4 - 1 = 3*k, -5*j - 4*k - 1 = c. Suppose a = f +